n 128325 is divided by 128318?
7
What is the remainder when 255764 is divided by 255?
254
Calculate the remainder when 68186 is divided by 34093.
0
Calculate the remainder when 38619 is divided by 116.
107
Calculate the remainder when 26970 is divided by 142.
132
Calculate the remainder when 17507 is divided by 461.
450
What is the remainder when 89036 is divided by 48?
44
Calculate the remainder when 5057 is divided by 3.
2
Calculate the remainder when 21606 is divided by 73.
71
Calculate the remainder when 30495 is divided by 134.
77
What is the remainder when 1645 is divided by 345?
265
What is the remainder when 282658 is divided by 584?
2
Calculate the remainder when 5953 is divided by 789.
430
What is the remainder when 6945 is divided by 26?
3
What is the remainder when 249980 is divided by 24?
20
Calculate the remainder when 108672 is divided by 72.
24
What is the remainder when 1988 is divided by 117?
116
Calculate the remainder when 3872 is divided by 1259.
95
Calculate the remainder when 354915 is divided by 149.
146
What is the remainder when 8574 is divided by 7?
6
Calculate the remainder when 21332 is divided by 143.
25
What is the remainder when 20280 is divided by 11?
7
What is the remainder when 9228 is divided by 178?
150
What is the remainder when 7466 is divided by 332?
162
Calculate the remainder when 9779 is divided by 894.
839
Calculate the remainder when 13802 is divided by 20.
2
Calculate the remainder when 396866 is divided by 161.
1
Calculate the remainder when 278 is divided by 124.
30
Calculate the remainder when 13227 is divided by 147.
144
What is the remainder when 4321 is divided by 6?
1
What is the remainder when 115167 is divided by 333?
282
What is the remainder when 3682 is divided by 1194?
100
What is the remainder when 79323 is divided by 2643?
33
Calculate the remainder when 16719 is divided by 23.
21
Calculate the remainder when 167728 is divided by 300.
28
Calculate the remainder when 142308 is divided by 294.
12
Calculate the remainder when 5914 is divided by 169.
168
Calculate the remainder when 459406 is divided by 272.
270
Calculate the remainder when 753 is divided by 738.
15
What is the remainder when 7277 is divided by 2407?
56
What is the remainder when 6261 is divided by 9?
6
What is the remainder when 850 is divided by 546?
304
What is the remainder when 8250 is divided by 344?
338
Calculate the remainder when 20338 is divided by 215.
128
What is the remainder when 2741 is divided by 168?
53
Calculate the remainder when 810 is divided by 361.
88
What is the remainder when 3416 is divided by 1691?
34
Calculate the remainder when 4989 is divided by 55.
39
Calculate the remainder when 897205 is divided by 89718.
25
What is the remainder when 62188 is divided by 8882?
14
What is the remainder when 540860 is divided by 432?
428
What is the remainder when 70070 is divided by 135?
5
Calculate the remainder when 45716 is divided by 3046.
26
Calculate the remainder when 455909 is divided by 78.
77
Calculate the remainder when 7677 is divided by 140.
117
Calculate the remainder when 59675 is divided by 5.
0
What is the remainder when 15799 is divided by 3094?
329
What is the remainder when 2572 is divided by 668?
568
What is the remainder when 2988 is divided by 60?
48
Calculate the remainder when 15352 is divided by 3058.
62
Calculate the remainder when 5296 is divided by 5266.
30
Calculate the remainder when 99412 is divided by 136.
132
What is the remainder when 8439 is divided by 110?
79
Calculate the remainder when 69611 is divided by 261.
185
Calculate the remainder when 113845 is divided by 219.
184
Calculate the remainder when 63957 is divided by 5.
2
What is the remainder when 2625 is divided by 318?
81
What is the remainder when 24110 is divided by 47?
46
What is the remainder when 13086 is divided by 56?
38
Calculate the remainder when 70908 is divided by 23.
22
What is the remainder when 916821 is divided by 455?
451
Calculate the remainder when 12243055 is divided by 2539.
2536
What is the remainder when 18088 is divided by 288?
232
What is the remainder when 41727 is divided by 528?
15
What is the remainder when 51187 is divided by 614?
225
Calculate the remainder when 254086 is divided by 72.
70
What is the remainder when 93797 is divided by 1839?
8
Calculate the remainder when 3041 is divided by 169.
168
What is the remainder when 1414 is divided by 66?
28
Calculate the remainder when 38516 is divided by 39.
23
What is the remainder when 519345 is divided by 2210?
2205
What is the remainder when 1016 is divided by 485?
46
What is the remainder when 21638 is divided by 85?
48
Calculate the remainder when 342114 is divided by 20.
14
What is the remainder when 1921 is divided by 201?
112
Calculate the remainder when 5451 is divided by 40.
11
What is the remainder when 9254 is divided by 58?
32
Calculate the remainder when 15624 is divided by 93.
0
Calculate the remainder when 63694 is divided by 19.
6
Calculate the remainder when 3653 is divided by 305.
298
What is the remainder when 82032 is divided by 404?
20
What is the remainder when 5043 is divided by 101?
94
Calculate the remainder when 126702 is divided by 26.
4
What is the remainder when 101161 is divided by 2299?
5
Calculate the remainder when 201428 is divided by 61.
6
What is the remainder when 709 is divided by 194?
127
What is the remainder when 62368 is divided by 66?
64
What is the remainder when 44317 is divided by 47?
43
What is the remainder when 76682 is divided by 25542?
56
Calculate the remainder when 11384 is divided by 2841.
20
What is the remainder when 25852 is divided by 90?
22
What is the remainder when 21688 is divided by 425?
13
What is the remainder when 3200196 is divided by 37?
29
What is the remainder when 3525 is divided by 704?
5
Calculate the remainder when 269001 is divided by 72.
9
Calculate the remainder when 395290 is divided by 88.
82
Calculate the remainder when 2646 is divided by 2638.
8
What is the remainder when 545044 is divided by 3658?
2
What is the remainder when 17002 is divided by 500?
2
What is the remainder when 44351 is divided by 522?
503
What is the remainder when 16772 is divided by 1674?
32
What is the remainder when 6325451 is divided by 252?
251
What is the remainder when 52272 is divided by 17383?
123
What is the remainder when 13731 is divided by 111?
78
What is the remainder when 53828 is divided by 67?
27
What is the remainder when 491198 is divided by 55?
48
Calculate the remainder when 274743 is divided by 61.
60
What is the remainder when 68 is divided by 36?
32
Calculate the remainder when 836581 is divided by 271.
4
Calculate the remainder when 41750 is divided by 376.
14
What is the remainder when 139511 is divided by 3?
2
What is the remainder when 51281 is divided by 25585?
111
What is the remainder when 4855 is divided by 437?
48
What is the remainder when 87850 is divided by 553?
476
What is the remainder when 11792 is divided by 471?
17
What is the remainder when 3457 is divided by 1088?
193
Calculate the remainder when 127178 is divided by 11.
7
Calculate the remainder when 8419 is divided by 2040.
259
Calculate the remainder when 3937 is divided by 3226.
711
Calculate the remainder when 9491 is divided by 413.
405
What is the remainder when 137 is divided by 13?
7
Calculate the remainder when 154029 is divided by 139.
17
What is the remainder when 68596 is divided by 40?
36
Calculate the remainder when 5417 is divided by 5187.
230
What is the remainder when 9142 is divided by 4560?
22
Calculate the remainder when 355707 is divided by 27.
9
What is the remainder when 12065 is divided by 289?
216
What is the remainder when 314619 is divided by 42?
39
Calculate the remainder when 86314 is divided by 360.
274
What is the remainder when 466609 is divided by 124?
121
Calculate the remainder when 1900 is divided by 88.
52
Calculate the remainder when 31569 is divided by 22.
21
Calculate the remainder when 1337 is divided by 410.
107
Calculate the remainder when 1587 is divided by 47.
36
What is the remainder when 47360 is divided by 7?
5
Calculate the remainder when 6223 is divided by 312.
295
What is the remainder when 42040 is divided by 1828?
1824
Calculate the r